mon divisor of 42 and i.
42
Let z = -1222 + 1261. Calculate the highest common divisor of z and 117.
39
Let x(h) = -h**2 + 5*h + 4. Let y be x(5). Suppose y = 11*i - 10*i. What is the greatest common factor of 28 and i?
4
Let s(h) = -h + 3. Let y be s(-7). Let g = y - 17. Let r = g + 19. What is the greatest common divisor of r and 3?
3
Let r = -109 - -139. Calculate the greatest common divisor of 210 and r.
30
Let l be (-2)/(-4)*(5 - -83). Let t be (-1 + 0)/((-4)/l). Let p be (-531)/(-6) + 2/(-4). What is the highest common factor of t and p?
11
Let z = -16 + 20. Suppose z*i - 36 = i. Calculate the highest common divisor of i and 6.
6
Let g = 1181 - 696. Suppose 188 = -3*z + g. Calculate the greatest common factor of z and 9.
9
Let o = 81 - 113. Let w be o/(2 - (-1 - -5)). Let c = 11 + 13. What is the greatest common factor of c and w?
8
Let s be 692/14 + -10 - (-3)/(-7). What is the highest common factor of s and 65?
13
Suppose 2 = 2*y - 0. Let g be -18*((-14)/4 - (y + -3)). What is the highest common divisor of 9 and g?
9
Let q be (1 + 1)*(4 - 3). Suppose 4*x + 2*h - 377 = 943, -x = -q*h - 325. Let g = x - 153. Calculate the greatest common divisor of g and 22.
22
Let s be (468/(-45))/(4*(-5)/750). What is the greatest common divisor of 150 and s?
30
Let y = -37 - 0. Let m = 38 + y. Calculate the highest common divisor of 9 and m.
1
Let x(h) = h + 5. Suppose -5*i - o = 50, 2*i - 5*i = o + 32. Let c be x(i). Let k be (-49)/c + 1/(-4). Calculate the highest common divisor of k and 36.
12
Let x be -6*(7 - 5 - 1). Let r be 36/x*(-110)/4. Calculate the greatest common divisor of 15 and r.
15
Suppose -2*y + 14 = -22. Suppose -13*i + y*i = 385. Calculate the highest common factor of 11 and i.
11
Let g = -175 + 180. What is the greatest common factor of g and 4?
1
Let i be (((-2904)/16)/(-11))/(6/8). What is the greatest common divisor of 143 and i?
11
Suppose 0*i - 17 = m + 4*i, 5*m + 3*i = 0. Suppose 3*s = 4*v - 1 + m, -5*v + 5 = 0. Suppose s*y - 82 = -2. What is the highest common factor of y and 4?
4
Let k be (-4)/(16/(-12))*500/15. Calculate the greatest common factor of k and 350.
50
Suppose -2*g + 527 = 5*u, -2*u + 195 = 3*g - 18. Let d be (4/(-10))/((-3)/u). What is the highest common factor of d and 84?
14
Let o = 23 + -12. Let a(y) = 30*y - 171. Let z be a(9). What is the highest common factor of o and z?
11
Suppose 3*c - h - h = 70, 2*c - 50 = 2*h. Let p = -644 + 649. What is the highest common factor of c and p?
5
Suppose s = 18 + 1. Suppose u + g - 776 = 5*g, -4*u = -4*g - 3056. Suppose 0*i - u = -5*i. What is the highest common factor of i and s?
19
Let y(k) = 16*k**2 - 168*k + 20. Let x be y(11). Calculate the highest common factor of 135 and x.
27
Let u(z) = z**3 - 15*z**2 + 13*z - 25. Let j be u(15). What is the highest common divisor of 17 and j?
17
Suppose -2*d = 3*c - 8, 5*c + 14 + 24 = 4*d. Suppose -d*r = -2*r + 50. Let u = -6 - r. What is the greatest common factor of 12 and u?
4
Suppose 2*y - 2*i - 36 = -14, -2*y - i = -10. Suppose 35 = -2*n + y. Let z = n + 23. What is the highest common factor of z and 72?
9
Let r be (-8)/(216/603)*-3. Calculate the highest common divisor of 2881 and r.
67
Let j = 355 - 331. Calculate the highest common factor of 132 and j.
12
Suppose z - 3 = -0. Suppose -2*g + g + z = 0. Let p be ((-30)/g)/(2 + -4). What is the greatest common factor of p and 5?
5
Let g = 357 + -227. Calculate the highest common factor of 15 and g.
5
Let z be (0/(-2) - -4) + 0. Suppose -z*g = y - 60, 2*y + g = 2*g + 93. What is the highest common factor of 192 and y?
48
Suppose 5*x - 10*x + 2*n = -1056, x = 3*n + 219. Calculate the greatest common divisor of x and 15.
15
Let r(a) = -8*a**3 + 1. Suppose 5*u - 3 = -3*l, 4*u - 4*l + 4 = -0*l. Let x = u - 1. Let c be r(x). Calculate the greatest common divisor of 9 and c.
9
Let k = -345 + 499. Suppose 0 = 5*v + y - 5*y - 75, v - 15 = -5*y. Let w be (-144)/(-10) + (-6)/v. Calculate the greatest common divisor of w and k.
14
Let z = -2 - -3. Let n = -17 + 35. Suppose 20 = m + n. Calculate the highest common factor of m and z.
1
Suppose 13*k - 12*k - 46 = 0. Calculate the highest common factor of 184 and k.
46
Let a be (-2 - 29)*(-2 - -3). Let d = 68 + a. Calculate the highest common factor of 74 and d.
37
Suppose 7*z - 45 = 2*z. Let m = 3 - z. Let i be (-12)/m*(-30)/(-4). What is the highest common factor of i and 5?
5
Let i = 92 - 94. Let c be ((-1)/i)/((-7)/(-336)). Calculate the highest common factor of c and 56.
8
Let n be 15/(-6)*48/(-20). Suppose n*u = -5*u + 1232. Calculate the highest common divisor of 16 and u.
16
Let d be (-2 - (-3 + 2)) + 1. Suppose d = -0*a + a - 10. Suppose -55*t + 57*t = -4*r + 250, 2*t = 10. Calculate the greatest common factor of r and a.
10
Let l(m) = -8*m - 134. Let n be l(-22). Calculate the greatest common factor of n and 42.
42
Suppose 9*r = 3*r + 36. Let k be ((-5)/((-40)/(-12)))/(r/(-40)). Let o be (-135)/(1*(-9)/6). What is the highest common divisor of k and o?
10
Let a(n) = -39*n**2 - 121*n + 7. Let j be a(-3). What is the greatest common factor of 1254 and j?
19
Suppose 117 = -3*r + 324. Calculate the greatest common divisor of 69 and r.
69
Let q be ((-3)/(-3) + -3)*(-21)/6. Calculate the greatest common factor of 763 and q.
7
Let t(a) = -a**3 + 10*a**2 - 11*a. Let z be t(8). Suppose -2*x + 1 = 5. Let h = z - x. What is the highest common divisor of h and 14?
14
Let d(f) = -f**3 + f**2 + f + 28. Let q be d(0). Let v = 15 + 27. What is the greatest common divisor of v and q?
14
Let l(g) = -g**3 + 8*g**2 + 9*g + 5. Let o be l(9). Let z = 85 + -45. Calculate the highest common divisor of z and o.
5
Suppose 0 = o + 3*b - 16 - 20, 18 = o - 3*b. What is the highest common divisor of 54 and o?
27
Let k(n) = n**2 - 40*n + 161. Let o be k(40). Calculate the highest common divisor of o and 77.
7
Let i(h) = h + 10. Let a be i(-8). Suppose 4*l - 31 = a*o - 365, 0 = 5*l + 5. Calculate the highest common factor of o and 15.
15
Suppose -5*t + 3052 = 4*h, 2 = 4*h - 10. What is the greatest common divisor of t and 19?
19
Suppose 447 = 21*s - 1065. Calculate the greatest common divisor of s and 54.
18
Let v = 12 + -16. Let p = v - -4. Suppose q - 4*z = 34, 0 = -p*z + 3*z + 9. What is the highest common factor of q and 220?
22
Suppose -10*v = -9*v + 2. Let p = 52 + v. Calculate the highest common factor of p and 350.
50
Let v be (-50)/15*(-495)/75. Calculate the greatest common divisor of 1958 and v.
22
Let r(w) = w + 9. Let f(q) = -4*q**3 + 2*q**2 - 1. Let n be f(1). Let p be r(n). What is the greatest common factor of 2 and p?
2
Let x be (-264)/308 - (-132)/7. Calculate the highest common divisor of 45 and x.
9
Let v(s) = 13*s**2 + 10*s + 15. Let x be v(-6). What is the greatest common factor of x and 27?
9
Let i be (-117)/(-6) - 12/(-8). Calculate the greatest common divisor of i and 84.
21
Suppose -2310 = -6*t - 0*t. Suppose f = 5*s + 215, 0*f + t = 2*f + 5*s. What is the highest common factor of 25 and f?
25
Suppose -12*j = 23*j - 1260. Calculate the greatest common divisor of 1044 and j.
36
Let q(n) = 2*n**2 - 30*n + 34. Let u(b) = -1. Let l(t) = -q(t) - 3*u(t). Let w be l(11). Calculate the greatest common divisor of 3 and w.
3
Let x(u) = u**2 - 3*u + 11. Let p be x(-6). What is the greatest common divisor of p and 26?
13
Let r = 348 - 331. Calculate the highest common factor of r and 221.
17
Suppose -4*q - 27 + 99 = 0. Let t = -131 + 221. Calculate the highest common divisor of t and q.
18
Let l(j) = 7*j**2 + j. Let c be l(-1). Suppose -3*z + 2*i + 99 = -33, 2*i + c = 0. Calculate the greatest common factor of 28 and z.
14
Let r(a) = 5*a**2 - 3*a - 9. Let f be (-1 - -3)/4*12. Let v be r(f). Suppose v = 5*b - 2*z + 41, -z = 2*b - 52. What is the greatest common divisor of 4 and b?
4
Let h = -3 + 7. Let u(l) be the third derivative of l**5/60 + l**4/2 - 9*l**3/2 - 14*l**2. Let m be u(-14). Calculate the highest common divisor of h and m.
1
Let u be 240*10 + (0/(-6))/(-5). Let b be u/21 + 20/(-70). What is the greatest common factor of b and 76?
38
Let j = 2646 + -2610. Let d(t) = 2*t - 6. Let q be d(5). Calculate the greatest common divisor of q and j.
4
Suppose 0 = -n - 4*n + 205. Let o = 67 - n. Let d = 66 - 53. Calculate the greatest common